*3 - p**2 - 3*p - 6. What is the units digit of g(-2)?
2
Let u(a) = 3*a + 3. Suppose -9 - 3 = -4*c. What is the tens digit of u(c)?
1
Let f(c) = -c**3 + c + 3. Let v be (-74)/(-10) + 4/(-10). Suppose v*g = 2*g + 4*a - 4, -g + 2*a - 2 = 0. What is the units digit of f(g)?
3
Suppose -19*s = -16*s - 51. Let g be ((-5)/(-4))/((-2)/(-40)). Let a = g - s. What is the units digit of a?
8
What is the units digit of (-5 - -8)/(1*3/226)?
6
Suppose -15 = 2*r + 3*r, -22 = -5*p - r. Let k be (p/(-2) + -1)*-8. Suppose -4*a = g - k, -2*a = -7*a + 25. What is the units digit of g?
8
Let d(k) = 0 - k**2 - 3 + 4*k + 4*k. What is the units digit of d(6)?
9
Let n(l) = -l - 3. Let m be n(-8). Suppose 0 = 5*z - 5 - 10. Suppose -z*d = 3*u - 2*d - 12, -m*d - 20 = -u. What is the units digit of u?
5
Let q = 169 - 48. What is the hundreds digit of q?
1
Suppose -4 = -2*z, 3*x + 2*z - 34 = -3*z. What is the units digit of x?
8
Suppose 5*v = 4 + 1. Let q = v + 1. What is the units digit of q?
2
Let h(d) be the first derivative of -d**4/4 - 2*d**3 - d**2 + d + 2. Let v be (1 + 8)*6/(-9). What is the units digit of h(v)?
3
What is the units digit of (6 + -3)*(1 - -52)?
9
Let y be (-68)/(-18) + (-10)/(-45). Suppose 5*s + c = y + 11, 4*s + 7 = 3*c. Let l = 1 + s. What is the units digit of l?
3
Let k = -27 + 103. What is the units digit of k?
6
Let l = 3 + 0. Suppose -y + 92 = l*y. What is the tens digit of y?
2
What is the units digit of 6 + (4 - 6) - -1?
5
Let z be -1 + -6 + (-1)/(-1). What is the units digit of z/27 - (-22)/18?
1
Let y = -16 - -19. Suppose -a = y*s - 154, -s + 4*a = -3*s + 96. What is the units digit of s?
2
Let t be 1/(((-6)/(-28))/3). Suppose 0*y - 3*y + t = 2*u, 3 = 3*u. What is the units digit of (18/24)/(1/y)?
3
Let n(s) = -s**3 - 7*s**2 - 6*s + 2. Let m be n(-6). Suppose -m*h + 44 = 12. What is the tens digit of h?
1
Suppose 3*a + 31 = 4*a. Let z = a + -19. What is the units digit of z?
2
Let s(r) = r**2 + 2*r + 5. Let c be s(-5). Suppose -4*a + 0*a + c = 0. Suppose -a*g = -40 + 5. What is the units digit of g?
7
Suppose 4*s - 38 = 26. Let w be (-6)/4*s/(-12). Suppose -6*u = 2*h - u + w, -5*h + 26 = -3*u. What is the units digit of h?
4
What is the hundreds digit of 100/18*30 + (-12)/18?
1
Let q be 2/3*(-60)/(-8). Suppose v - t = -0 + q, -t - 7 = -3*v. What is the tens digit of 21/(((-6)/(-4))/v)?
1
Let v = 147 + -85. Let d = 150 - v. Suppose -4*x + 0*x + d = 0. What is the tens digit of x?
2
Let u(a) = -a**3 - a**2 + 2*a + 1. Let o be u(-2). Let r be ((-1)/3)/(o/(-15)). Suppose r*v + 2*s - 31 = 0, -3*v + 3*s = 2 - 8. What is the units digit of v?
5
What is the units digit of (-3 + 0)*(1 + (-762)/9)?
1
Let q(w) = w + 6. Let s be q(-9). Let v = 9 - s. What is the tens digit of v?
1
Suppose i - v = 5, -20 = -0*i - 3*i + 4*v. Suppose i = -3*b + 7*b - 16. What is the units digit of (-10)/(-6) + b/(-6)?
1
Suppose 11*s - 272 - 322 = 0. What is the units digit of s?
4
Suppose 3*p - 4 = 5*p. What is the units digit of p/(1 + (-26)/22)?
1
What is the tens digit of 32*7 - (-4 + (2 - 1))?
2
Let l(q) = -q**2 + 3*q + 1. Let z be l(2). Let w = z - 0. Suppose 55 = 5*b - w*r, 3*r = 4*b + 24 - 71. What is the units digit of b?
8
Let q(z) = 11*z + 20. Let i(h) = -7*h - 13. Let l(g) = 8*i(g) + 5*q(g). What is the units digit of l(-6)?
2
Suppose -2*s = 2*o + 3*o - 121, -s = -o - 43. What is the units digit of s?
8
Let o(r) = -r**3 - 2*r + 9. Suppose -4*a = -4*v - 8, -v = 3*v + 8. What is the units digit of o(a)?
9
Let b = -3 - -3. Suppose b = -a + 6*a - 25. Suppose 2 = a*f - 3. What is the units digit of f?
1
Suppose -113 = -p - 14. What is the tens digit of p?
9
Suppose 5*g - 114 = 3*g. What is the units digit of g?
7
Let p(q) = -q - 1 + 3*q**2 + 0*q**2 + 0*q**2 + 6*q**3. What is the units digit of p(1)?
7
Suppose o + 0*o = 0. Let j(y) = -y**3 - y**2 + y + 43. What is the units digit of j(o)?
3
What is the units digit of (-2)/5 - (3111/(-15) + -2)?
9
Let n = -6 - -9. Let m = -2 + n. What is the units digit of m?
1
Let n = 13 + -21. What is the units digit of 30/8 - 2/n?
4
Let y(c) = -4*c + c**2 + 2 + 0 - 5. Let z be y(6). What is the units digit of (60/z)/(1/3)?
0
Let c(r) = 4 - 2 + 3*r - 2*r + 0. Let l be c(-3). What is the units digit of ((-2)/(-6))/(l/(-39))?
3
Let l = 49 + -39. What is the units digit of l?
0
Let i = 0 - -1. Let j = 0 + i. Suppose -b + 2*b - j = 0. What is the units digit of b?
1
Let l(o) = o**3 + 11*o**2 - 14*o - 2. What is the units digit of l(-12)?
2
What is the hundreds digit of 3018/27 + 4/18 + 0?
1
Let j(g) = -g - 4. Let w be j(-10). What is the units digit of w*(-3)/(-2)*1?
9
Let p = 55 - -20. What is the tens digit of p?
7
Suppose 0 = 3*b - 46 - 38. Suppose q - 4 - b = 0. What is the units digit of q?
2
Suppose -12 = -r - 2*r, -3*r + 67 = 5*p. What is the tens digit of p?
1
Suppose -19*a + 15*a + 1388 = 0. What is the hundreds digit of a?
3
Let f(n) = 4*n + 51. What is the units digit of f(0)?
1
Let k(n) = n - 2*n**2 + 0*n**2 + 3*n**2 - 2 + 1. What is the units digit of k(1)?
1
What is the tens digit of (-4 - (-14)/4)*-62?
3
Suppose 8 = 5*d - 57. Let z = d + 2. What is the tens digit of z?
1
Suppose -2*y = -0*y - 168. Let i = 119 - y. What is the units digit of i?
5
Let b = 7 + -3. Suppose b*t - 27 = 3*m, -t + 12 = -2*t - 3*m. Suppose t = 3*y - 3. What is the units digit of y?
2
Let w(o) = 2*o**2 + 3*o. Let u be w(-2). Suppose n - u*n = 0. What is the units digit of 12*(n - -1 - 0)?
2
Suppose -u = -2 - 3. What is the units digit of u?
5
Let r = -2 + 1. Let k = 5 + r. Suppose 10 = -k*w + 50. What is the units digit of w?
0
Suppose -2*u = -2*j + 16, j + 5*u + 32 = 5*j. Let i(y) = y**2 - 3*y. What is the units digit of i(j)?
0
Let t(z) = z + 12. Let o be t(-11). What is the tens digit of 18*o + (-18)/(-6)?
2
What is the tens digit of (-18)/27 - 86/(-3)?
2
Suppose 21 = -d - 5*p, -2*d + 29 = -d - 5*p. What is the units digit of (d + -3)/((-1)/(-3))?
3
Suppose -s = 3*m - 3, 3*s + 15 = -2*m + 8*s. Suppose -3*a + 63 = x, m = -2*a - a + 4*x + 48. What is the tens digit of a?
2
Let d(s) = s + 10. Let n be d(-7). Let z(q) = 3*q - 1 + 2*q**3 - q**n - 4*q + 7. What is the units digit of z(0)?
6
Suppose -512 = -8*a - 0*a. What is the units digit of a?
4
What is the tens digit of (5 - -69)*2*1?
4
What is the units digit of (-14)/(-3 + (-76)/(-28))?
9
Suppose v + 78 = z, -z - 242 = -4*z - v. What is the units digit of z?
0
Let w = -3 - -8. Suppose 3*c + 2*c = w. What is the units digit of c?
1
Let t(w) = w**3 + 5*w**2 - 3*w - 1. Let q(i) = i**2. Let c(p) = -3*q(p) + t(p). Let v be c(-3). Let f = 4 + v. What is the units digit of f?
3
Suppose 4*i = -5 + 89. What is the units digit of i?
1
Suppose -3*i + 0*m - 2*m = 397, -m - 536 = 4*i. Let v be ((-8)/(-5) - 2)*i. Let n = -38 + v. What is the tens digit of n?
1
Suppose -5*g + 20 = 0, 2*g + 17 = 3*n - 92. What is the units digit of n?
9
Let u = -6 + 11. Suppose -u*m + 4*a = -42, 4*m - 4*a - 32 = -0*m. What is the units digit of m?
0
Suppose -i = i + 10, -122 = 3*f - 5*i. Let v = f + 82. What is the tens digit of v?
3
Let i = -14 + 99. What is the tens digit of i?
8
Let i(o) = -2*o - 6. Let a be i(-6). Suppose -a = -t - 2*t. Suppose -t*x = -5*x + 33. What is the tens digit of x?
1
Let a(x) be the third derivative of -x**4/8 - 4*x**3/3 - 2*x**2. Let y(f) = -4*f + 14. Let t be y(5). What is the tens digit of a(t)?
1
What is the units digit of 34/(-85) + 474/10?
7
Let p be 404/(-44) + 4/22. Let x be 4/(-14) + p/(-7). Suppose j = 2*j - x. What is the units digit of j?
1
Suppose -6*r - 23 - 13 = 0. What is the tens digit of (-224)/r + 10/(-30)?
3
Suppose -4*k - 2*t = -5*k + 154, -756 = -5*k + 3*t. What is the tens digit of k?
5
Suppose 2*a - 5 - 5 = 0. Suppose -3*n + 29 = 2*y - 19, 4*y - 52 = a*n. What is the tens digit of y?
1
Let j(u) = -u. Let m(h) be the first derivative of h**2/2 - 6*h - 1. Let v(r) = 2*j(r) + m(r). What is the units digit of v(-8)?
2
Suppose 0 = -4*q - 16, 2*r - 314 = -r + 2*q. What is the units digit of r?
2
Let g(i) = i**2 - 4*i + 8. Let q = 10 - 4. What is the tens digit of g(q)?
2
Let u(s) be the first derivative of 2*s**2 - 6*s - 4. Let g be u(6). Let o = g - -2. What is the tens digit of o?
2
Let l(u) be the third derivative of u**5/60 + u**4/6 + u**3/3 + 2*u**2. Let g be l(-3). Wh